)/171?
5
Let k(y) be the first derivative of -7*y**4/4 - y**3 + 4*y - 1. Let l(a) = -a**3. Let o(s) = k(s) - 6*l(s). What is the units digit of o(-5)?
4
Let w be 2/(-16) - 123/(-24). Suppose -75 = 4*u - y, w*u = -y + 4*y - 85. What is the units digit of (-3)/(9/u)*3?
0
Suppose -7*j + 8*j = 0. Suppose -5*f - 15 = 0, 2*p + 3*f = -j - 5. Suppose -p*o + 47 = g, 0 = 4*o - g + 5*g - 100. What is the units digit of o?
2
Let n(r) = 121*r**2 - 20*r - 9. What is the thousands digit of n(-4)?
2
Let y(m) = m**3 - 17*m**2 + 9*m - 77. What is the tens digit of y(20)?
0
Suppose 1003 + 1032 = u. What is the units digit of u?
5
Let j(v) = 25*v**2 + v + 1. Let c be j(-1). Suppose -2*x + 24 = i - 1, -5*x = -i + c. What is the tens digit of -1*3 + -2 + i?
2
Suppose 175 = -3*r - 2*r. What is the tens digit of r/(-1) + 13 + -11?
3
Suppose -k = k - 2, 5*d - k = 14. Suppose 0 = -20*b + 19*b + 34. Suppose 50 = d*c + 4*h, -2*c + 4*h = b - 94. What is the units digit of c?
2
Suppose -1780 = -5*v + 5*u, -4*u + 10 = 2. What is the units digit of v/2 + (1 - (-2 + 5))?
7
Suppose -3*a - 2484 = -2*j - 0*a, -5*j + 3*a = -6210. What is the hundreds digit of j?
2
Let l = 2829 + -275. What is the thousands digit of l?
2
Let k(n) = n**3 + 12*n**2 - 3*n - 18. Suppose 0 = 8*v - v + 84. Let f be k(v). Suppose -f = -9*x + 6*x. What is the units digit of x?
6
Let k(n) = 3 - n**2 + 5*n + 6*n - 3*n. Let g be k(8). Suppose -2*j - 8 = -g*j. What is the units digit of j?
8
Let z = 6273 - 3165. What is the hundreds digit of z?
1
Let x(m) = -538*m - 39. What is the tens digit of x(-3)?
7
What is the tens digit of (-470)/94*(216/10)/(-2)?
5
Suppose -2*t = 2*u - 72, -t = -4*t - 4*u + 104. Let b be (124 + 2)/3 + 2. Suppose -3*c + t = -b. What is the tens digit of c?
2
Let d be ((-54)/45)/(1/(-5)). Let h(j) = 4*j - 10. Let q be h(d). Let w(x) = 5*x - 24. What is the units digit of w(q)?
6
Let p be (12*(-16)/(-64))/((-6)/4). Suppose -m + 3*t - 9 = 0, -4*m + 2*t + 14 = -0*t. What is the tens digit of 1 + p/(m/(-99))?
3
Let a(u) = u**2 + 35*u + 24. What is the tens digit of a(18)?
7
Let j(z) = z**3 + 7*z**2 + z - 2. Let u = -67 + 62. What is the units digit of j(u)?
3
Let g be (-3)/4 + (-156)/(-16). Let s = g + -6. What is the units digit of (76/20 - s)*35?
8
Let m(h) = h + 11. Let z be m(-5). Suppose 104 = -z*b + 1142. What is the hundreds digit of b?
1
Let y(a) = 473*a - 118. What is the tens digit of y(2)?
2
What is the units digit of 1239/4 + 7/(112/(-12))?
9
What is the tens digit of ((-68)/(-3))/(5/(8 + 37))?
0
Suppose -4*y = -4*v + 7772, y = 2*v - 3*v + 1943. What is the units digit of v?
3
Suppose 7*z - 4*z = 0. Suppose -5*o - 4*b + 56 = 0, -5*o + 52 = -z*b + 3*b. Let q(i) = i**3 - 9*i**2 + 12*i - 12. What is the units digit of q(o)?
0
Let a = 690 + 91. What is the units digit of a?
1
Suppose 4*t - 5*a - 689 = 0, -3*a + 337 = 2*t + 2*a. Let z = t + -83. What is the tens digit of z?
8
Let p = -6 - -3. Let z = 7 - p. Let g = z + 6. What is the tens digit of g?
1
Let b = -7 - -39. What is the units digit of b?
2
Let t be (8/3 + -2)*168. Let p be (t - 1) + (4 - 6). Let d = p - 69. What is the tens digit of d?
4
Let u = -24 + 27. Suppose 792 = 7*x - u*x. What is the hundreds digit of x?
1
Let t(r) = -31 + 8*r - 14*r**2 - 2*r + 0*r**3 - 2*r**3 + r**3. What is the units digit of t(-15)?
4
Suppose -5*q - 4*n - 8 = 0, 3*n = -3*q + 4*q + 13. What is the units digit of q/(-12) + (-158)/(-3)?
3
Suppose w + a = -3*a + 2104, 12 = 3*a. Suppose 0 = 17*x - 5*x - w. What is the tens digit of x?
7
Let r(k) = 340973*k + 4886. Let y(a) = 698*a + 10. Let p(z) = -5*r(z) + 2443*y(z). What is the hundreds digit of p(1)?
3
Let a be (36/27)/((-4)/(-6)). Suppose a*b + 3 = -13. Let d(o) = -4*o. What is the tens digit of d(b)?
3
What is the units digit of (-333)/222 + 8754/4?
7
Suppose -25*r + 7178 = -8147. What is the hundreds digit of r?
6
Let t(o) = 53*o + 560. What is the hundreds digit of t(-6)?
2
Let w(s) = -4*s + 7*s**3 - 24*s**3 - 2*s - 6*s**2 - 7 + 8*s**2. What is the tens digit of w(-2)?
4
Let j(p) = -64*p - 17. What is the tens digit of j(-6)?
6
Let l(c) = c**2 - 6*c - 7. Let k be l(5). Let g = k + 5. What is the units digit of 1/(g/(-2) + -3)?
2
What is the tens digit of 1540 + 3/3 + -3?
3
Suppose 0 = -4*c + 5*i + 887, -3*c + 613 = -5*i - 56. What is the tens digit of (0 - c/(-3)) + (-5)/(-15)?
7
Let l(j) = 71*j**2 + 60*j - 478. What is the units digit of l(9)?
3
Suppose 3*r - 2 = 4*p - 5, 9 = p + 2*r. Let l(s) = -s**2 + 4*s + 44. Let k be l(9). Let y = p + k. What is the units digit of y?
2
Let d = -35 + 57. Suppose 25*k - d*k - 69 = 0. What is the units digit of k?
3
Let b be (-1 - -5) + 0 - -3. Suppose 0 = z + b + 4. Let a(i) = i**3 + 12*i**2 + 8*i + 6. What is the units digit of a(z)?
9
Suppose -16*v + 22*v - 384 = 0. Suppose 9*q = 4*q - 135. Let d = v + q. What is the units digit of d?
7
Suppose 7*k - 1194 = k. Let w = -91 + k. What is the units digit of w?
8
What is the units digit of 1635/9*3 - 4?
1
Suppose 0 = m + k + 2, 0 = 8*m - 3*m - 5*k + 30. What is the tens digit of -4 - (m + -1 + -24)?
2
Let q(y) = y**3 + 7*y**2 + 2*y + 16. Let o be q(-7). Suppose 7*l - o*l - 15 = 0. What is the units digit of l?
3
Let m(g) = g**3 + 8*g**2 + 6*g + 4. Suppose 2*i + 3*i + 35 = 0. Let v be m(i). Suppose 0 = -l + 1 + v. What is the units digit of l?
2
Let c be 48/(-18)*(-3)/2. Suppose 0 = -c*g + 119 + 57. What is the units digit of g?
4
Let y = 93 + -30. What is the units digit of (y/21)/((12/86)/2)?
3
Suppose -16*p + 4*p = 0. Let h(g) = 3*g**2 - g + 28. What is the units digit of h(p)?
8
Let t be 3/4 - (-1644)/48. What is the tens digit of (-260)/t*(-7)/2?
2
Suppose 4*j + j - 260 = 0. Suppose 0 = 3*w - p - 170, w + p + p - j = 0. Suppose -5*y + w = -3*y. What is the units digit of y?
8
Suppose -40 = 11*n - 6*n. Let l = n - -9. What is the units digit of l?
1
Let y be 51 + (-3 - -4) + 4. Let q = y - -37. What is the units digit of q?
3
What is the tens digit of ((-9)/1)/(1/(-3))?
2
Let q be 34/(-4)*(-24)/12. Let n = q - 21. Let c(o) = o**3 + 6*o**2 + 3*o - 4. What is the tens digit of c(n)?
1
Let f be ((-5 - -3) + 2)*1. Let q(c) = -c + 24. Let b be q(f). Suppose j = -3*n + 2*n + b, 0 = -5*j - 2*n + 105. What is the tens digit of j?
1
Let b(t) be the first derivative of -3*t**4/4 - t**3/3 - 2. Suppose -5*m - 2 - 3 = 0. What is the units digit of b(m)?
2
What is the units digit of ((-8)/(-5))/((-4)/(-840))?
6
Let j = 513 - -320. What is the hundreds digit of j?
8
Suppose 2309 = -2*s + 3*s + 5*n, -9182 = -4*s - 2*n. What is the tens digit of s?
9
Let a(p) = 2*p**3 - p**2 - 20*p - 6. What is the hundreds digit of a(7)?
4
What is the units digit of (-5)/(-25) + ((-1828)/(-10) - 1)?
2
Let n = -77 + 149. What is the units digit of n?
2
Let m = -30 - -32. Suppose 1 - 3 = -m*o. What is the units digit of o?
1
Let y be (85 + -88)*2/(-3). Let p(j) = 9*j - 2. Let k be p(3). Suppose y*c - 23 = k. What is the units digit of c?
4
Let d = 87 - -62. What is the units digit of d?
9
Let x be 9/(9/14)*1. Let l = x - 11. What is the units digit of l/2*408/18?
4
Let j(i) = -76*i + 42*i - 31 + 41*i. What is the units digit of j(7)?
8
Let n(q) = -q**2 - 5*q + 2. Suppose 3 - 17 = -2*d. Let j = 4 - d. What is the units digit of n(j)?
8
Suppose 6*u + 7896 = 20064. What is the thousands digit of u?
2
Let y = 15396 - 10974. What is the thousands digit of y?
4
Let r(v) = -v**3 - 23*v**2 - 24*v - 43. Let z be r(-22). Let i(l) = 217*l**2 + 2*l - 3. What is the hundreds digit of i(z)?
2
Suppose -3*s = -2*n - 0*n + 366, -n + 189 = -3*s. Let i = -97 + n. What is the tens digit of i?
8
Suppose -32*p + 27*p = -2555. What is the tens digit of p?
1
What is the units digit of (6/(-4))/(24/(-10432)*2)?
6
Let v be (4/(-8))/((-2)/(-4)). Let q be 0/(v/2*2). Suppose -5 + q = -j. What is the units digit of j?
5
Let p be 1088/12 - (-6)/(-9). Let y be (42/35)/((-1)/p). What is the tens digit of (4/8)/((-3)/y)?
1
Let q(g) = -4*g**3 - 3*g**2 + 5*g - 10. Let x be q(-5). Suppose -4*h = 5*i + h - x, -3*h - 62 = -i. What is the tens digit of i?
7
Let k(i) = -i**3 - 3*i**2 - 2*i. Let q = 5 - 7. Let s be k(q). Suppose s*r = -r + 27. What is the units digit of r?
7
Let s be 20/8 + (-3)/6. Suppose 7*w - 450 = s*w. What is the units digit of w?
0
Let j = -2 + 3. Suppo